he highest common factor of 1445 and 68?
17
What is the greatest common divisor of 4077 and 54?
27
What is the greatest common factor of 61907 and 31?
31
Calculate the highest common divisor of 2449 and 237.
79
Calculate the highest common factor of 234 and 1818.
18
What is the greatest common factor of 3069 and 93?
93
What is the highest common divisor of 180 and 1780?
20
Calculate the highest common factor of 2337 and 1311.
57
Calculate the highest common factor of 21 and 462.
21
What is the greatest common factor of 84 and 63?
21
Calculate the greatest common divisor of 3672 and 504.
72
What is the greatest common divisor of 114 and 2394?
114
What is the greatest common factor of 1314 and 7154?
146
What is the greatest common divisor of 2193 and 51?
51
Calculate the highest common factor of 6 and 3174.
6
What is the highest common divisor of 115 and 29785?
115
What is the greatest common factor of 26 and 4849?
13
Calculate the greatest common divisor of 24 and 186.
6
Calculate the highest common divisor of 270 and 10.
10
What is the greatest common divisor of 238 and 42?
14
Calculate the greatest common factor of 150 and 975.
75
What is the greatest common factor of 624 and 480?
48
What is the greatest common factor of 78 and 2314?
26
Calculate the highest common divisor of 5379 and 66.
33
What is the highest common divisor of 40 and 2?
2
What is the highest common divisor of 3484 and 208?
52
What is the greatest common factor of 65 and 715?
65
What is the greatest common factor of 45 and 342?
9
What is the greatest common factor of 424 and 1113?
53
Calculate the highest common factor of 1920 and 45.
15
Calculate the highest common factor of 31922 and 22.
22
Calculate the highest common divisor of 203 and 29.
29
What is the highest common divisor of 66 and 66?
66
What is the highest common factor of 517 and 658?
47
What is the highest common factor of 255 and 18?
3
What is the highest common factor of 88 and 38764?
44
Calculate the highest common factor of 612 and 36.
36
What is the highest common factor of 27 and 963?
9
What is the greatest common divisor of 63 and 7?
7
Calculate the highest common factor of 80 and 35.
5
Calculate the greatest common divisor of 798 and 147.
21
What is the highest common factor of 2070 and 11270?
230
What is the greatest common factor of 48 and 19308?
12
Calculate the highest common factor of 23 and 5.
1
Calculate the highest common divisor of 13 and 1079.
13
What is the greatest common divisor of 72 and 52524?
36
What is the greatest common factor of 105 and 15990?
15
Calculate the greatest common divisor of 34946 and 606.
202
Calculate the greatest common divisor of 588 and 96.
12
Calculate the highest common divisor of 6728 and 16.
8
Calculate the highest common factor of 4230 and 630.
90
What is the highest common divisor of 91 and 299?
13
What is the highest common factor of 1375 and 330?
55
What is the highest common factor of 364 and 104?
52
Calculate the highest common divisor of 60 and 2580.
60
What is the highest common divisor of 159 and 3?
3
Calculate the greatest common divisor of 664 and 344.
8
Calculate the greatest common factor of 2358 and 27.
9
What is the highest common divisor of 5 and 555?
5
Calculate the greatest common factor of 253 and 92.
23
What is the greatest common factor of 348 and 2204?
116
What is the highest common divisor of 144 and 90?
18
What is the highest common divisor of 15 and 6390?
15
Calculate the highest common divisor of 835 and 35.
5
What is the highest common divisor of 2465 and 17?
17
What is the highest common divisor of 286 and 10153?
143
What is the highest common factor of 195 and 45?
15
What is the greatest common divisor of 9 and 657?
9
What is the highest common factor of 20 and 110?
10
Calculate the greatest common factor of 10833 and 69.
69
What is the greatest common divisor of 287 and 246?
41
Calculate the greatest common factor of 4529 and 42.
7
Calculate the highest common factor of 6580 and 420.
140
What is the highest common factor of 8561 and 56?
7
Calculate the greatest common divisor of 1441 and 131.
131
What is the highest common divisor of 10 and 2?
2
What is the greatest common factor of 208 and 3068?
52
What is the highest common factor of 1316 and 94?
94
Calculate the greatest common factor of 903 and 21.
21
Calculate the greatest common divisor of 10 and 905.
5
Calculate the highest common factor of 40 and 9380.
20
Calculate the greatest common divisor of 21 and 903.
21
What is the highest common divisor of 187 and 221?
17
What is the highest common divisor of 22 and 4246?
22
Calculate the highest common factor of 250 and 625.
125
Calculate the greatest common divisor of 126 and 105.
21
What is the highest common factor of 294 and 6?
6
Calculate the greatest common factor of 15007 and 1396.
349
What is the highest common divisor of 42 and 35?
7
What is the highest common factor of 33 and 66?
33
Calculate the highest common factor of 22 and 1078.
22
What is the greatest common factor of 171 and 627?
57
Calculate the greatest common divisor of 12 and 162.
6
Calculate the greatest common factor of 368 and 23.
23
Calculate the greatest common divisor of 405 and 2955.
15
What is the highest common factor of 13149 and 27?
27
What is the greatest common divisor of 481 and 65?
13
Calculate the highest common divisor of 30 and 260.
10
What is the highest common factor of 10284 and 72?
12
Calculate the highest common divisor of 70 and 830.
10
Calculate the greatest common divisor of 1351 and 7.
7
Calculate the greatest common factor of 364 and 196.
28
What is the highest common divisor of 8 and 3?
1
Calculate the highest common divisor of 564 and 24.
12
What is the greatest common divisor of 48 and 624?
48
Calculate the greatest common factor of 84 and 91.
7
What is the greatest common factor of 108 and 396?
36
Calculate the highest common factor of 238 and 70.
14
Calculate the highest common divisor of 1333 and 31.
31
What is the highest common divisor of 40 and 376?
8
Calculate the greatest common factor of 5459 and 103.
103
Calculate the greatest common divisor of 23604 and 28.
28
What is the highest common divisor of 1139 and 17?
17
Calculate the greatest common factor of 217 and 1333.
31
What is the highest common factor of 98 and 1813?
49
What is the greatest common divisor of 175 and 98?
7
What is the greatest common factor of 447 and 149?
149
Calculate the greatest common factor of 18 and 246.
6
Calculate the greatest common factor of 108 and 297.
27
Calculate the greatest common divisor of 70 and 322.
14
What is the greatest common factor of 2065 and 70?
35
What is the highest common divisor of 1353 and 1845?
123
What is the highest common divisor of 40 and 2360?
40
Calculate the greatest common factor of 240 and 320.
80
What is the greatest common divisor of 198 and 528?
66
Calculate the greatest common factor of 210 and 30.
30
What is the greatest common factor of 1220 and 12?
4
What is the highest common divisor of 7203 and 1323?
147
Calculate the greatest common divisor of 624 and 2522.
26
What is the greatest common factor of 1377 and 1683?
153
Calculate the highest common divisor of 53 and 477.
53
What is the highest common factor of 201 and 268?
67
What is the highest common divisor of 6844 and 116?
116
Calculate the highest common factor of 2482 and 34.
34
Calculate the highest common factor of 40 and 40.
40
What is the highest common divisor of 240 and 624?
48
What is the greatest common factor of 168 and 294?
42
What is the greatest common divisor of 4 and 6480?
4
Calculate the highest common divisor of 4042 and 94.
94
What is the highest common factor of 32 and 624?
16
What is the greatest common factor of 18 and 12?
6
Calculate the highest common divisor of 517 and 11.
11
What is the greatest common factor of 4732 and 28?
28
What is the greatest common divisor of 171 and 570?
57
What is the greatest common divisor of 275 and 165?
55
What is the greatest common divisor of 20 and 14270?
10
What is the highest common factor of 90 and 130?
10
Calculate the greatest common divisor of 55 and 935.
55
Calculate the highest common factor of 448 and 14.
14
Calculate the highest common divisor of 72 and 1944.
72
Calculate the great